x = b + d. What is the tens digit of x?
3
What is the units digit of (-4 + (-42)/(-15))*-660?
2
What is the units digit of (1056/(-9))/(-4)*3?
8
Let l(k) = k - 5. Let d be l(8). Suppose -d*x = -0*x - 6. Suppose -q = 1 - 0, 0 = 4*b - x*q - 126. What is the units digit of b?
1
What is the tens digit of 5*8/5*91/13?
5
Let g(d) = d**2 - 6*d - 33. Let l be g(9). Let m(k) = 8*k**2 + 2*k - 12. What is the units digit of m(l)?
4
Suppose -3405 - 1395 = -6*r. Let n = -497 + r. What is the hundreds digit of n?
3
Let b be (1 - (-10)/(-5))*0. Suppose 5*g - 300 = -5*m, 4*m + 2*g + 3*g - 242 = b. What is the units digit of m?
8
Let o(g) = -32*g + 18. What is the tens digit of o(-4)?
4
Let y(i) = 45*i - 88. What is the hundreds digit of y(22)?
9
Let p be (2 + 13)/3 + -62. Let x = p - -127. What is the tens digit of x?
7
Suppose 0 = -2*w + 6*w + 2*s - 522, -3*w + 389 = 2*s. Suppose 3*b + 43 = w. What is the tens digit of b?
3
What is the thousands digit of 7753/3 + 104/156?
2
Let m(t) = t**2 + 12*t - 11. Let q = 9 - 22. Let c be m(q). Suppose -c*a = -5*n - 111, -3*n + n = 2*a - 76. What is the tens digit of a?
4
Let t(a) = 34*a + 39 - 62 - a**2 + 50. What is the tens digit of t(14)?
0
Suppose 205 = -y + 4*h + 56, 2*y - 5*h = -286. Let r = y + 239. What is the tens digit of r?
0
Let f be (-6)/10 + 39/15. Let o be 50*(f/(-4) + 1). Let u = o + -12. What is the tens digit of u?
1
Let i(u) = -u**3 + 8*u**2 + 2*u - 12. Let g be (20/15)/((-3)/(-18)). Let q be i(g). Suppose 148 = h + q*h - 3*c, 2*c - 27 = -h. What is the units digit of h?
9
Let b = 29 - 23. Let k(o) = -7*o**2 + 8*o - 2 - 2 - 3 + o**3. What is the units digit of k(b)?
5
Let y be 285/(-10) + (-3)/(-2). Let l be 6/y - 2820/(-54). What is the tens digit of (-16)/4 + l + 1?
4
What is the units digit of 13352/28 + (-6)/(-42)?
7
Suppose -125*i = -130*i + 255. Suppose 4*z - 16 = 0, q + 0 = 3*z + i. What is the units digit of q?
3
Let y(f) = f**3 - 5*f**2 - f - 4. Suppose 0 = -3*d - 3*j + 27, 2*d - d + 5*j = 25. Let n be y(d). What is the tens digit of 28 + -3*3/n?
2
Suppose 0 = 27*k - 34*k + 7525. What is the thousands digit of k?
1
Suppose 5037 + 546 = 3*o. What is the units digit of o?
1
Suppose 5*z = -10*z - 105. Let f(c) be the first derivative of -c**2/2 - 1. What is the units digit of f(z)?
7
What is the tens digit of ((-69336)/(-540))/((6/20)/1)?
2
Let d(t) = 7*t**2 - 3*t + 16. What is the units digit of d(-5)?
6
Suppose 5*y = -4*w + 27920, w = -y + 2298 + 3286. What is the tens digit of y?
8
Let d(p) = 4*p - 6. Let a(s) = -s**2 + 3*s. Let k be a(3). Let q(m) = m + 4. Let h be q(k). What is the tens digit of d(h)?
1
Suppose 5*x - l - 13 = 0, 0 = -0*x - x - 3*l + 9. Suppose x*p = 561 - 141. What is the hundreds digit of p?
1
Let b(k) be the second derivative of -k**4/12 - k**3/3 - k. Let j be b(-2). What is the tens digit of 1 + (j - 0) + 19?
2
Let w(v) = -2*v - 46. Let g be w(-23). Suppose -m + 475 = 8*r - 3*r, g = r - 2*m - 84. What is the tens digit of r?
9
Suppose 0 = 2*d - 7 - 3. Suppose d*c = 8*c - 360. What is the units digit of c?
0
Suppose 2*c + 3*v - 296 = c, -583 = -2*c - 3*v. Suppose 3*j + 29 - c = 0. What is the units digit of j?
6
Suppose -4*b = 3*i - 4275, -4*b + 2*i + 3185 = -b. What is the units digit of b?
5
Suppose -74*n - 15 = -77*n. What is the tens digit of 175 - ((n - 3) + 1)?
7
Suppose -3*v - 32 = w - 407, -5*w - 3*v + 1887 = 0. What is the tens digit of w?
7
Suppose 22 = -2*t + 2. Let v = t - -4. What is the units digit of (-389)/v + 4/24?
5
Let q(d) = 6*d + 10. Let n be (-185)/25 + 6/(-10). Let o = 13 + n. What is the tens digit of q(o)?
4
Suppose -24 + 0 = -3*c. Let d = -8 + c. Suppose -3*q = l - 3*l - 68, d = -2*q + 2*l + 44. What is the tens digit of q?
2
Suppose -4*k - 11*k + 10845 = 0. What is the tens digit of k?
2
Let w = 328 + -195. What is the units digit of w?
3
Suppose 0 = 8*k - 6*k - 10. Suppose -32 = -k*z - 2*h, 2*z = -2*h + 6 + 8. What is the units digit of (-17 + 8)/(z/(-40))?
0
Let i(y) = y**3 + 6*y**2 - 3*y - 7. Let b = 0 - -3. Suppose -2*l = 3*t + 14, 0 = 3*l - 9 + b. What is the tens digit of i(t)?
1
Let q(g) = -g + 12. Let y be q(9). Suppose y*p = 2*p - 152. What is the tens digit of 3*(p/6)/(-4)?
1
Let v be (39 + 1)*(-21)/(-28). Suppose l + 3*j - 17 = 0, 3*l + 5*j - v = l. Suppose -i + 4*n = 3*i - 92, l*n - 125 = -5*i. What is the units digit of i?
4
Let q(x) be the first derivative of -x**4/4 - x**2/2 + 30*x + 90. Let b be (-4)/(-10) + 4/(-10). What is the tens digit of q(b)?
3
Let f be (-1 + (-1)/(-1))/(-1). Suppose -5*u + 83 + 72 = f. What is the units digit of u?
1
What is the tens digit of 2 + 1214 + (-7)/((-21)/12)?
2
Let j = -21 - -21. Suppose -4*w + j*w = -48. What is the tens digit of w?
1
Let t(y) = 3*y**2 - 2*y + 4. Suppose 5*v + 9 = -11. Let w be t(v). Suppose -6*r - w = -11*r. What is the tens digit of r?
1
Let b(o) be the third derivative of 0*o + 0*o**3 - 1/15*o**5 + 0 - 2*o**2 - 1/120*o**6 - 1/4*o**4. What is the tens digit of b(-4)?
2
Let j(a) = -a**3 - 4*a**2 - 5*a + 281. Let m(k) = 4*k**3 + 13*k**2 + 16*k - 843. Let b(w) = 7*j(w) + 2*m(w). What is the hundreds digit of b(0)?
2
Suppose 2*s - 88 = -2*s. Suppose -1 = 3*g + 5*t, -4*t = 4*g - 2*t - s. Suppose g*o + 5*r = 4*o + 113, 2*o = 3*r + 29. What is the units digit of o?
2
Suppose -k - 3*j = -4*k - 12, 2*k = 3*j - 10. What is the tens digit of 27*(k + 11/3)?
4
Suppose -5*h + 4*b + 3572 = 0, 5*b = 35 - 25. What is the units digit of h?
6
Suppose 0*v - 280 = -4*w + 5*v, -3*w - 2*v + 187 = 0. Suppose -c = -24 - w. Let g = c + -48. What is the tens digit of g?
4
Suppose -36 - 105 = -3*p. What is the units digit of p?
7
Let d be (0 - 0)*(-1)/3. Suppose d = -m + 2*j + 70 + 120, -4 = 2*j. What is the units digit of (-3)/(2/(m/(-9)))?
1
Suppose -o + 63 = 4*a, -2*a + o + 15 = -18. What is the tens digit of (-39)/(-12)*1*a?
5
Let i = -65 - -392. What is the tens digit of i?
2
Let k(h) = 11*h**2 + 2*h - 1. Suppose 2*o = -o + 5*z - 22, 4*z = -4*o + 24. What is the tens digit of k(o)?
1
Suppose -49*p + 7290 = -44*p. What is the thousands digit of p?
1
What is the hundreds digit of 242/(((-4 - -12) + -4)/2)?
1
What is the units digit of 251*(-35)/(-20)*4?
7
Suppose 2 = s + 4, -5*s - 342 = 2*a. Let p = -67 - a. Suppose m = -2*m + p. What is the tens digit of m?
3
What is the hundreds digit of (20794 + -4)/11 - 10?
8
Let m(d) = -d**2 - 15*d + 2. Let g be m(-15). Let c be -2 - (18 - g)/(-4). What is the units digit of (-358)/(-12) - c/(-12)?
0
What is the hundreds digit of (4*33/(-44))/((-3)/807)?
8
Let f = 2192 - 704. Suppose -11*t - f = -15*t. What is the units digit of t/4*2/6?
1
Let y(q) = 19*q + 17. What is the tens digit of y(4)?
9
Suppose x - 4510 = -5*g, -7 = g - 8. What is the thousands digit of x?
4
Let t = 36 + -44. What is the hundreds digit of 118/1 + t + 9?
1
Suppose -30 = -3*a + 3. Let y(w) be the third derivative of -w**5/60 + 7*w**4/12 - 2*w**3/3 + 52*w**2. What is the tens digit of y(a)?
2
Let q = -168 + 416. What is the tens digit of q/(-6)*(1 + -4)?
2
Let g = 459 - 416. What is the units digit of g?
3
Suppose 16*t + 4627 = m + 21*t, -4*t = -3*m + 13900. What is the tens digit of m?
3
Suppose -4*t + 1160 = -h, 3*t = 4*h + 976 - 106. What is the units digit of t?
0
Let z(a) = -a + 2 + 2*a**2 - 10 + 11*a**2 + 2*a + a**3. What is the units digit of z(-6)?
8
Suppose -a + 32 = -399. What is the tens digit of a?
3
Let k be 117/2 + 2/(-4). Suppose -3*t - k = -j, 6*j - 236 = j - 3*t. What is the tens digit of j?
4
Suppose 0 = 2*f + 2*i - 0*i - 66, -3*f = -4*i - 134. What is the units digit of f?
8
Let x = 523 + -168. What is the hundreds digit of x?
3
Let c = 1550 + -153. What is the units digit of c?
7
Let l be (0/(-3))/(3 + (-2 - 3)). Suppose l = i + 104 - 277. What is the units digit of i?
3
Suppose -50 = -2*w + 2*k, -4*w + 116 - 10 = 2*k. What is the units digit of w?
6
Let s be ((-3)/(-9))/(5/75). Let b(r) = 4*r + 17. What is the units digit of b(s)?
7
Let a(x) = -x**3 + 13*x**2 - 4*x - 8. Let v be a(12). What is the hundreds digit of 899/6 + (v/48)/11?
1
Let c(m) = -m - 3. Let v be c(-8). Suppose -u + v = 3. Suppose l - 17 = 2*k, -11 = -5*l + u*k + 74. What is the units digit of l?
7
Let z(l) = 1 + 4 + 16*l**2 + 255*l**3 - 13*l + 4 - 256*l**3. What is the hundreds digit of z(14)?
2
